
Calculate the greatest common factor of 13 and 82277.
13
Calculate the highest common divisor of 954 and 102.
6
Calculate the greatest common divisor of 15 and 88035.
15
What is the greatest common divisor of 8109 and 11169?
153
What is the greatest common divisor of 3781 and 14726?
199
What is the highest common divisor of 98 and 122?
2
Calculate the highest common factor of 99 and 114147.
99
What is the highest common divisor of 78 and 17381?
13
What is the highest common factor of 177 and 418192?
59
Calculate the greatest common factor of 146 and 14162.
146
What is the greatest common divisor of 935667 and 27?
9
Calculate the greatest common factor of 7572 and 34.
2
Calculate the greatest common factor of 5775 and 296175.
825
Calculate the greatest common factor of 12078 and 495.
99
Calculate the greatest common divisor of 10587408 and 988.
988
Calculate the highest common factor of 150 and 646425.
75
Calculate the highest common divisor of 35 and 413357.
7
What is the highest common factor of 170758 and 154?
14
Calculate the greatest common divisor of 472 and 6664.
8
Calculate the greatest common factor of 390288 and 160.
16
What is the greatest common divisor of 18676 and 2714?
46
Calculate the greatest common factor of 9 and 49113.
9
What is the greatest common factor of 4978 and 342?
38
Calculate the greatest common divisor of 24 and 22241784.
24
Calculate the highest common divisor of 310440 and 39402.
1194
Calculate the highest common factor of 21 and 669.
3
What is the greatest common divisor of 29869 and 1004?
251
What is the greatest common divisor of 5100 and 1452?
12
Calculate the greatest common factor of 26 and 10690.
2
What is the highest common divisor of 355 and 47854?
71
Calculate the highest common factor of 20 and 1352810.
10
What is the greatest common factor of 68 and 424?
4
What is the highest common divisor of 30 and 375930?
30
Calculate the highest common divisor of 839 and 227369.
839
What is the greatest common factor of 128 and 182208?
64
Calculate the highest common factor of 806 and 985986.
62
What is the highest common divisor of 7 and 159397?
7
Calculate the highest common factor of 5 and 8825.
5
Calculate the highest common divisor of 9936 and 483.
69
Calculate the greatest common factor of 5434 and 22451.
143
Calculate the highest common divisor of 21779 and 29.
29
What is the highest common factor of 3550 and 1136?
142
What is the greatest common factor of 24180 and 300?
60
What is the highest common factor of 2332 and 85690?
22
What is the greatest common divisor of 125160 and 120?
120
What is the greatest common factor of 215106 and 8?
2
What is the greatest common factor of 18 and 3531366?
18
What is the highest common divisor of 45571 and 199?
199
What is the greatest common factor of 473 and 59813?
43
Calculate the highest common divisor of 109571 and 9317.
77
What is the greatest common divisor of 567 and 15120?
189
What is the greatest common factor of 3713 and 18091?
79
Calculate the greatest common factor of 34757 and 1.
1
Calculate the highest common divisor of 5775 and 238315.
385
What is the highest common factor of 917933 and 148?
37
Calculate the highest common factor of 4361 and 3171.
7
What is the greatest common divisor of 3185209 and 73?
73
What is the greatest common factor of 392 and 11690?
14
Calculate the highest common factor of 40 and 73220.
20
Calculate the greatest common divisor of 371 and 5989.
53
Calculate the highest common factor of 16 and 292504.
8
What is the highest common divisor of 622 and 78061?
311
Calculate the highest common factor of 885 and 12795.
15
What is the greatest common divisor of 400 and 4480?
80
What is the greatest common factor of 191844 and 9?
9
What is the greatest common divisor of 684 and 86148?
36
Calculate the greatest common divisor of 574129 and 789.
263
What is the highest common factor of 22 and 591943?
11
What is the greatest common divisor of 25560 and 760?
40
Calculate the highest common factor of 56 and 585550.
14
Calculate the greatest common factor of 56918 and 8022.
382
Calculate the greatest common divisor of 42 and 4802.
14
What is the highest common divisor of 11280 and 72?
24
What is the greatest common factor of 1408 and 24629?
11
What is the greatest common factor of 71205 and 10?
5
Calculate the greatest common divisor of 30 and 25644.
6
Calculate the greatest common factor of 218 and 1894638.
218
Calculate the highest common factor of 787597 and 292.
73
What is the highest common factor of 26214 and 221?
17
What is the greatest common factor of 16037 and 392?
7
What is the highest common divisor of 31 and 4504?
1
What is the highest common divisor of 688 and 35647?
43
What is the greatest common factor of 480285 and 3978?
117
Calculate the greatest common divisor of 12407 and 69871.
653
Calculate the highest common factor of 19221 and 2322.
129
What is the greatest common divisor of 23 and 8156881?
23
Calculate the highest common divisor of 2781192 and 24.
24
Calculate the greatest common factor of 1423975 and 790.
395
Calculate the highest common divisor of 164 and 2829.
41
Calculate the greatest common divisor of 675 and 110575.
25
What is the greatest common factor of 77208 and 3?
3
What is the greatest common divisor of 18139 and 31229?
187
What is the greatest common factor of 250 and 93375?
125
What is the greatest common divisor of 22684 and 55756?
212
Calculate the greatest common divisor of 14896 and 199332.
196
Calculate the highest common factor of 36 and 10134.
18
What is the greatest common divisor of 3090 and 20291?
103
What is the greatest common factor of 221 and 28883?
17
What is the greatest common factor of 23562 and 1496?
374
Calculate the greatest common divisor of 2397 and 31631.
47
What is the greatest common divisor of 1171296 and 294?
294
Calculate the greatest common factor of 71107 and 1011.
337
Calculate the highest common factor of 11229 and 114.
57
What is the highest common factor of 1630 and 13203?
163
Calculate the highest common divisor of 160119 and 9.
9
Calculate the highest common factor of 7936 and 448.
64
What is the greatest common factor of 1041560 and 2600?
520
Calculate the greatest common divisor of 72506 and 70.
14
Calculate the greatest common divisor of 12798 and 351.
27
Calculate the highest common factor of 2525670 and 627.
57
What is the greatest common factor of 69 and 151777?
23
Calculate the greatest common factor of 90794 and 6358.
22
Calculate the greatest common factor of 957322 and 316.
158
Calculate the greatest common factor of 17974 and 29678.
418
Calculate the greatest common factor of 279915 and 25.
5
Calculate the greatest common divisor of 262184 and 104.
104
Calculate the greatest common divisor of 57 and 905673.
57
What is the greatest common divisor of 1726105 and 10?
5
What is the greatest common divisor of 836 and 43076?
44
What is the highest common factor of 182 and 175721?
91
What is the greatest common divisor of 564 and 12696?
12
What is the greatest common divisor of 168 and 140172?
12
Calculate the greatest common factor of 22916 and 884.
68
What is the greatest common factor of 1849420 and 2492?
356
What is the greatest common divisor of 49038 and 264?
66
Calculate the highest common factor of 63780 and 120.
60
What is the highest common factor of 2703 and 323?
17
Calculate the highest common factor of 44636 and 64.
4
What is the highest common factor of 442 and 374?
34
Calculate the greatest common factor of 8137 and 316.
79
What is the greatest common divisor of 55091 and 6809?
619
Calculate the greatest common divisor of 36 and 437364.
36
Calculate the highest common factor of 45 and 26136.
9
What is the greatest common factor of 2065 and 805?
35
Calculate the highest common divisor of 106 and 36305.
53
What is the highest common factor of 9930 and 358142?
662
Calculate the highest common divisor of 5593 and 3572.
47
Calculate the highest common factor of 498 and 2222823.
249
What is the greatest common factor of 1759905 and 280?
35
Calculate the greatest common factor of 1722501 and 9.
9
What is the greatest common divisor of 1421990 and 106?
106
What is the highest common factor of 17725 and 10?
5
Calculate the greatest common divisor of 72 an